te?
False
Is 1709 composite?
False
Is 557981 composite?
False
Is 267845 a composite number?
True
Is 40231 a composite number?
False
Is 281657 prime?
False
Is 17903 prime?
True
Is 18077 a composite number?
False
Is 16823 a composite number?
False
Is 15653 a prime number?
False
Is 239479 a prime number?
False
Is 19661 a prime number?
True
Is 46 prime?
False
Is 81779 a composite number?
True
Is 22523 prime?
False
Is 8329 a prime number?
True
Is 781061 a composite number?
True
Is 6457 prime?
False
Is 3163 a composite number?
False
Is 16249 a prime number?
True
Is 31439 a prime number?
False
Is 1465421 a composite number?
False
Is 3389 composite?
False
Is 2959 a prime number?
False
Is 110003 a composite number?
True
Is 396907 a prime number?
False
Is 865 composite?
True
Is 95306 a prime number?
False
Is 329 a composite number?
True
Is 28513 prime?
True
Is 67029 prime?
False
Is 757631 prime?
False
Is 1901 a composite number?
False
Is 133849 composite?
True
Is 76631 a prime number?
True
Is 1737717 a prime number?
False
Is 13751 a composite number?
False
Is 155569 a prime number?
True
Is 11429 a prime number?
False
Is 4493 composite?
False
Is 41033 a composite number?
True
Is 13001 composite?
False
Is 30167 a composite number?
True
Is 2931 prime?
False
Is 14431 a prime number?
True
Is 13319 composite?
True
Is 10903 a prime number?
True
Is 36029 composite?
True
Is 118687 a prime number?
True
Is 5469 a prime number?
False
Is 2921 composite?
True
Is 734465 a composite number?
True
Is 2179 a prime number?
True
Is 193399 prime?
False
Is 4069697 composite?
True
Is 1040947 composite?
False
Is 41417 composite?
True
Is 3437 a composite number?
True
Is 29717 prime?
True
Is 2453 prime?
False
Is 52133 a composite number?
True
Is 10901 a prime number?
False
Is 2864733 a composite number?
True
Is 899 composite?
True
Is 379003 composite?
True
Is 48133 a composite number?
True
Is 28699 composite?
True
Is 19069 prime?
True
Is 3623 a composite number?
False
Is 937777 composite?
False
Is 11369 composite?
False
Is 60529 a composite number?
True
Is 44071 prime?
True
Is 32393 a composite number?
True
Is 61933 prime?
True
Is 114547 a composite number?
False
Is 176843 a composite number?
True
Is 137833 a composite number?
True
Is 165733 prime?
False
Is 16423 a composite number?
True
Is 1361 composite?
False
Is 1302137 a composite number?
False
Is 674471 a prime number?
False
Is 121829 prime?
False
Is 7057 a prime number?
True
Is 659 a prime number?
True
Is 3265 composite?
True
Is 29629 prime?
True
Is 185489 a prime number?
False
Is 3299 prime?
True
Is 188891 a prime number?
True
Is 85159 composite?
False
Is 323913 a composite number?
True
Is 54737 a composite number?
True
Is 16759 prime?
True
Is 5059 a composite number?
False
Is 359071 prime?
False
Is 544249 prime?
False
Is 5594 a prime number?
False
Is 238439 prime?
True
Is 4105 prime?
False
Is 124427 a prime number?
True
Is 142189 a composite number?
False
Is 4699 a composite number?
True
Is 11281 a composite number?
True
Is 17813 prime?
False
Is 580885 prime?
False
Is 1480861 prime?
True
Is 29789 a composite number?
False
Is 77833 composite?
True
Is 845069 a prime number?
True
Is 10651 a composite number?
False
Is 5669 a composite number?
False
Is 29413 a prime number?
False
Is 739693 prime?
True
Is 1393 composite?
True
Is 73977 prime?
False
Is 68633 prime?
True
Is 20109 composite?
True
Is 18883 a composite number?
True
Is 75151 a prime number?
False
Is 80029 a prime number?
False
Is 18622 composite?
True
Is 38113 a composite number?
False
Is 44218 composite?
True
Is 529801 a composite number?
True
Is 336995 a composite number?
True
Is 176581 a prime number?
False
Is 30449 prime?
True
Is 26221 prime?
False
Is 4253 a composite number?
False
Is 402103 a prime number?
False
Is 4040743 composite?
True
Is 17239 a prime number?
True
Is 6637 composite?
False
Is 18182 a prime number?
False
Is 4259 a composite number?
False
Is 229717 a prime number?
True
Is 8651 composite?
True
Is 122861 prime?
True
Is 106937 a prime number?
True
Is 17521 composite?
True
Is 1229 composite?
False
Is 4083 composite?
True
Is 96553 a composite number?
False
Is 870647 a composite number?
True
Is 178523 prime?
False
Is 124769 a prime number?
True
Is 2905837 a composite number?
True
Is 15907 prime?
True
Is 355679 a composite number?
False
Is 88405 composite?
True
Is 202661 prime?
True
Is 26303 composite?
True
Is 23839 prime?
False
Is 263513 a composite number?
False
Is 30911 a composite number?
False
Is 11851 a composite number?
True
Is 4898719 prime?
False
Is 34285 a prime number?
False
Is 14621 a composite number?
False
Is 89255 prime?
False
Is 39651 a prime number?
False
Is 11443 a composite number?
False
Is 41879 prime?
True
Is 35362 a composite number?
True
Is 10639 composite?
False
Is 1655497 prime?
True
Is 216107 a prime number?
True
Is 44249 a prime number?
True
Is 1901 a composite number?
False
Is 30973 a composite number?
True
Is 4151 prime?
False
Is 449679 a prime number?
False
Is 90658 composite?
True
Is 20873 composite?
False
Is 784541 prime?
True
Is 179857 a prime number?
False
Is 10811 composite?
True
Is 68037 prime?
False
Is 294157 a composite number?
False
Is 2321 a composite number?
True
Is 678137 a composite number?
True
Is 2722 prime?
False
Is 96427 prime?
False
Is 663302 composite?
True
Is 52147 a composite number?
False
Is 7283 a composite number?
False
Is 2801041 a composite number?
False
Is 1129517 prime?
False
Is 354479 a prime number?
True
Is 371 composite?
True
Is 27043 a composite number?
False
Is 135699 a prime number?
False
Is 656173 prime?
False
Is 531393 a prime number?
False
Is 78367 composite?
False
Is 62459 a prime number?
True
Is 4197 a composite number?
True
Is 12277 a prime number?
True
Is 449 prime?
True
Is 454771 a composite number?
True
Is 575119 a prime number?
True
Is 4861 composite?
False
Is 9157 composite?
False
Is 109207 a composite number?
True
Is 1945066 a prime number?
False
Is 210739 composite?
False
Is 80989 a prime number?
True
Is 1602241 prime?
True
Is 50207 prime?
True
Is 1101761 composite?
False
Is 30353 prime?
False
Is 476831 a prime number?
True
Is 25391 a composite number?
False
Is 4967 a prime number?
True
Is 160807 prime?
True
Is 2633 a prime number?
True
Is 2123203 a composite number?
False
Is 8147 a prime number?
True
Is 249559 a prime number?
False
Is 309059 a prime number?
True
Is 38899 prime?
False
Is 2442923 a prime number?
False
Is 469337 prime?
False
Is 197759 prime?
True
Is 2927 prime?
True
Is 199151 prime?
True
Is 124259 prime?
False
Is 882389 prime?
True
Is 45947 prime?
False
Is 270871 a composite number?
True
Is 57027 prime?
False
Is 951127 a composite number?
True
Is 366658 a composite number?
True
Is 1625581 prime?
True
Is 51703 a composite number?
True
Is 2477 prime?
True
Is 141301 a prime number?
True
Is 1817 a composite number?
True
Is 1795 a prime number?
False
Is 5981 composite?
False
Is 37667 composite?
True
Is 68339 a composite number?
True
Is 15721 prime?
False
Is 11027 a composite number?
False
Is 3665 prime?
False
Is 16691 a composite number?
False
Is 3973 composite?
True
Is 37943 a prime number?
False
Is 672905 a composite number?
True
Is 8503 prime?
False
Is 37187 prime?
False
Is 15187 a prime number?
True
Is 45337 a composite number?
False
Is 26917 composite?
True
Is 257171 a composite number?
False
Is 2374 a prime number?
False
Is 115831 composite?
False
Is 60547 a prime number?
False
Is 12013 a composite number?
True
Is 143443 composite?
False
Is 11567 a prime number?
False
Is 6433 prime?
False
Is 56038 prime?
False
Is 148663 a prime number?
True
Is 787 prime?
True
Is 23093 prime?
False
Is 134479 composite?
True
Is 53071 prime?
False
Is 3247 composite?
True
Is 3629 a composite number?
True
Is 2407633 a composite number?
False
Is 636791 a composite number?
True
Is 40219 prime?
False
Is 1454 a prime number?
False
Is 16271 a prime number?
False
Is 61349 composite?
True
Is 10821 composite?
True
Is 245471 a prime number?
True
Is 1459 a prime number?
True
Is 1513 a composite number?
True
Is 26807 a composite number?
True
Is 582031 composite?
False
Is 5585 a prime number?
False
Is 2633 a prime number?
True
Is 486091 composite?
False
Is 25385 a composite number?
True
Is